 - -16 - (11 - (-32 + 98))?
88
What is 0 + 13 + (10 - -25 - 30 - 11)?
7
Calculate -141 - -148 - (41 + -17).
-17
(8 - 0) + 75 + (50 - 133)
0
What is (-50 - (-30 - 86)) + -151?
-85
What is 30 - 2 - (1 - ((19 + -31 - -30) + -16))?
29
What is the value of (-130 - (-13 + -49)) + 47?
-21
Calculate 35 + -4 + (14 - 34) + (13 - 1).
23
Calculate 2 + -4 - (-42 + 83 - 72).
29
What is the value of 17 + (3 - 2) + -7 + (-37 - -25)?
-1
-77 + (51 - 47) + (-18 - -9)
-82
What is the value of -4533 + 4584 + (-1 - 43)?
7
What is -13 + 25 - ((4 - -3) + -15 - (-81 - 4))?
-65
What is the value of (-197 - -196) + (8 - (-94 - (1 + 7) - 5))?
114
What is the value of (-36 - 0) + -2 + (-2 - 0) + -16 + 13?
-43
8 + 29 + 44 + -66
15
What is the value of (-19 - (20 - (-17 + 19))) + 6?
-31
Calculate 15 + (0 - -6 - 30) + 4.
-5
(26 - 27) + -13 + 22 + -52
-44
Evaluate 6 - (-4 + 116 + -8 - ((0 - 5) + 2)).
-101
What is the value of (-1 - 30) + (-19 - -8 - -17 - 18)?
-43
What is 24 - 9 - 38 - (10 - 17)?
-16
What is the value of 5 - ((-86 - -37) + 43) - (-1 + 1)?
11
Calculate 4 + 2 - (57 - 60) - -22.
31
3 + 68 + 3 - (11 + (-39 - -43))
59
What is (431 + -441 + 0 + 21 - 15) + 1 + -26?
-29
Evaluate -18 + -2 + -2 - (-60 - -4).
34
85 + 2 + -67 + -37
-17
(4 - ((87 - 89) + (3 - 0))) + -130 - -7
-120
Calculate (40 - 39 - (-2 + -1)) + -59 + 88.
33
-44 + (733 + -723 - ((2 - (-3 - -3)) + 17))
-53
Evaluate -48 + 39 + (-42 - -103).
52
What is (-4 - 1) + 11 + (148 - 149)?
5
(113 - (69 + -35)) + -140
-61
Calculate (1 - -1) + (41 + -142 - -85) - (-125 + -1).
112
What is the value of 19 + -21 + (-2 - -4) + 7 - -6?
13
(13 - (0 - (4 - 8))) + (54 - (40 + -16))
39
What is the value of -2323 + 2260 + (-3 - -2 - 35)?
-99
Evaluate -27 + 1 - (-229 - -220).
-17
Calculate 5 + -29 + (-2 - 10 - (-7 - -4)).
-33
(7 - (6 - (-16 - (-6 - 0)) - 6)) + 66
63
What is -62 + (88 - 37) + 19 + -12?
-4
Calculate -28 - (-1 - -1) - (-17757 - -17778).
-49
Evaluate 68 + -52 + -41 + 12.
-13
What is 2 - 19 - (-4 - 102 - (-143 - -112))?
58
Evaluate 17 + -29 + -32 + 111 + (-12 - 1).
54
9 - -2 - (51 + -49 + 34)
-25
What is the value of 31 - (-47 + (87 - 2))?
-7
-96 + (-3 - -222) + 4
127
What is -37 - (0 + -11 + -299 + 377)?
-104
Calculate 25 + 6 + (-2 + 13 - 1).
41
What is the value of (-30 - -5) + 129 + -103 + 0 + -8?
-7
Calculate (-3 - 10) + (-24 - (-4 + 3)) - 5.
-41
What is the value of 58 + 55 + -28 + -51?
34
Calculate (15 - (-2 - -51)) + 18 + -3.
-19
Evaluate -3 + 0 + -1 + (-24 - -18) + 0 + 8.
-2
What is 3 + (-16 - 1) + (41 - 101) + 27?
-47
Evaluate -160 + 197 + (-23 - 0) + 13.
27
What is 10406 - 10360 - (-2 + (0 - (-1 + 1))) - -3?
51
4 + (30 - (-3 - (19 - 15 - -9)))
50
Calculate -2672 + 2627 + (2 + 1 - 10).
-52
Calculate -24 - (-22 + (18 - 2) + -19).
1
Calculate -16 - ((-8 - (67 - -3)) + 18 + -37).
81
What is (-30 - (-20 - -10 - 9)) + -3 + 49?
35
What is 16 - 9 - (60 - 19) - (-21 + 43)?
-56
What is 96 - (38 + (83 - 95))?
70
Calculate 29 - (8 + -1 - ((-29 - -30) + -29 + 25)).
19
2 + (64 - 3) + -8 + (34 + -46 - -6)
49
What is (-5 - -2 - 2) + 25 + -44 + 21 - 30?
-33
Calculate 17 + (12 - (-28 + (-33 - -160))).
-70
(8 + -16 - (-20 - 1) - 24) + 81
70
-18 + -9 - (-2 + -11) - (23 - -1)
-38
What is the value of -20 - (-61 - (48 + -24) - -19)?
46
Calculate (-195 - -92 - -87) + (1 + 0 - -59).
44
Evaluate (-16 - -16) + 8 - (28 - (6 + -6)).
-20
Calculate (-3 - -35 - (-26 - -11)) + -11.
36
What is -5 + 1 + 33 + (-31 - -13) + 10?
21
What is -2 + 10 - (2688 + -2679)?
-1
Calculate 10 + 1 + -1 - (2594 - 2692) - 20.
88
Evaluate (-1 - -10) + (-12 - ((9 - 11) + -11 - 0)).
10
What is 31 - -17 - 16 - 16 - -37?
53
Evaluate -1 + (-1 - 1 - 11) + (175 - 108).
53
Evaluate -14 + (27 - 3 - 7) + 18 + (-7 - 2).
12
Calculate (-9 - -5 - 3) + (-41 - -72).
24
What is 0 - 8 - (-16 - ((58 - 26) + -7))?
33
What is the value of (-54 + -28 - -59) + 69?
46
What is the value of (-366 - (-132 + 17)) + 125?
-126
Calculate (1 - 13) + (8 - (-11 - -11 - (7 - 12))).
-9
Evaluate 1 + -7 - (-4 - (5 - -10)).
13
Calculate (-1 - 4) + (-9 - -11) + 31 - (-4 - 5).
37
(-4 - (-8 + (-12 - -3) + 12)) + -34
-33
What is (6 - (12 + 6 + 0) - 30) + 10?
-32
Evaluate 14 + -8 - (1 + (-9 - -48) + 3).
-37
Calculate 15 + -27 + 0 - 13 - -33.
8
(3 - (11 - -1)) + (22 - (-6 - -14 - -26))
-21
What is the value of (-19 - (-14 - -71)) + 70?
-6
Evaluate (30 - 13) + -2 + 3 + (0 - (7 + 3)).
8
Evaluate -10 + (10 - 70) + (2 - -22).
-46
(-23 - 19) + 72 - 14
16
What is (62 - 59) + 52 + -45?
10
Calculate 2 + 14 + 62 + 39 + -101 + 8 + 1.
25
What is (2 - 6) + (0 - (-6 - (14 - 25)))?
-9
5 + (-43 - 18 - -51)
-5
(8 - 6) + -6 + 67 + 8 + -11 + -8
52
Evaluate -19 + (-6 - (-42 - -22)) + (0 - -4).
-1
-106 - (-5 - -46) - -72
-75
Evaluate -138 - (4 - (22 + 37 + -15)).
-98
Evaluate (1 - -3) + -70 + (54 - -19) + -54.
-47
Calculate -60 - (49 - 41) - -30.
-38
Calculate -124 + 216 + -87 + -85.
-80
-8 + 4 - (4 - 27 - -8) - (-120 + 75)
56
Evaluate -42 - 16 - -139 - (24 + -4 + -2).
63
Evaluate 5 + 34 + 9 - (1 - -12).
35
Calculate 43 + (149 - 160) + 28 + 0.
60
Calculate 5 - -97 - (294 + -227).
35
Calculate 3 + 69 - -2 - (-48 - (-57 + -7)).
58
Calculate 24 - -2 - (8413 + -8422).
35
What is the value of 33 + 38 + -72 + 2 + -3?
-2
-451 - -471 - (-17 - (-4 - -8))
41
-2 + -23 + 1 + -38 + 17 + -2
-47
Calculate 72 + (-32 - (-72 - -67)).
45
Calculate -13 - -12 - (100 - (22 - -12)).
-67
Calculate 91 + (-256 - -24) - -33.
-108
Calculate (34 - (-15 + 56)) + -3 + 0.
-10
Evaluate (-41 - (-28 + -46)) + -45 + (-26 - 0).
-38
What is the value of 70 + -163 + (11 - 15 - (2 + 0 - -3))?
-102
What is the value of -2 + (-3 - 4) + (-19 - 2) + 13?
-17
-27 + -59 + (11 - -12)
-63
Calculate -29 - (-18 - 4 - (-21 - -17)).
-11
0 + 19 - 8 - (-2 + 19) - -32
26
What is (-23 - 11 - -5 - (0 - 14)) + -56?
-71
Evaluate -4 + 5 - -13 - (-7 - (13 + -27)) - -1.
8
Calculate (47 + -3 + 1 - (-244 + 251)) + 9.
47
Calculate -17 + 5 - (-110 - -16) - (-94 - -85).
91
What is the value of 265 + -322 + 8 + -14?
-63
Calculate 7 + (1 - 8 - (20 - 17)) + 0.
-3
9 + 27 + (54 - 138)
-48
What is the value of (266 - 109) + 80 + -145?
92
Evaluate -4 + (1 - -1) - 37 - (1144 + -1138).
-45
What is the value of -2 - ((-14 - 3) + 2 + 2) - (397 - 418)?
32
Calculate 65 + (325 + -320 - ((5 - 2) + 0 - 2)).
69
14 - (13 - (-8 - (3 - -3)) - 10)
-3
(33 - (5 - -18)) + -9 - 6
-5
What is 1 + 70 - (-34 + 52 + 5)?
48
What is the value of (-11 - 0) + 14 + -1 + -25 + 7 + 0?
-16
What is 29 + -14 + 16 + -10 + (-8 - -10)?
23
31 - (-129 + 77) - 82
1
(39 - 99) + (-15 - -26) - -197
148
What is the value of 12 + -69 - -23 - (55 - 32)?
-57
What is 15 - -1 - (25 + (25 - 16))?
-18
What is (20 - -2) + (0 - 4 - 2 - (-228 + 228))?
16
What is the value of -121 + (1 - 7) + 8 - (38 + -51)?
-106
What is the value of -1 + -9 + (-37 + 35 - (-12 + 0)) - -9?
9
-6 + 119 + -120 + (-2 - -6 - (1 - -13))
-17
7 + 1 + (2 + -8 - -3) - 46
-41
Calculate (-2 - 1) + -35 + (-33 - -52).
-19
Evaluate -16 - (1 + -6 - (6 + 17 + -24)).
-12
Evaluate 31 - 15 - (2 + 47 + -2).
-31
What is 3 + -3 + 32 + -23 + 23?
32
What is the value of (2 + -1 - 3) + (-83 - (-155 - -48))?
22
What is -5 + (-13 - -31) + -11 - (0 + 1 - -5)?
-4
Calculate (-225 - -237) + (-1 + (4 - 4) - 42).
-31
Evaluate 0 + 9 - (4 + (19 - (20 + -7))).
-1
Evaluate (-122 - (8 - 38) - (1 + 3)) + 12.
-84
What is the value of (-8 - (-2 - -17)) + 1?
-22
What is the value of (-67 - -96) + -25 - (-1 + 68 + 2)?
-65
Calculate -281 + 347 - (0 + (13 - -1)).
52
Evaluate (-23 + 62 - 66) + -8.
-35
What is -20 + 12 + -12 + -9 + -9 + 22?
-16
Calculate 8 - ((0 - 15) + 58 + -51 + 82).
-66
Evaluate (9 - 19) + 43 - (2 + (-8 - -3 - -13)).
23
Evaluate -17 - -25 - (-2 + -21 - -14).
17
-7 + -18 + (42 - 47)
-30
What is the value of 16 + -89 + 26 - -52?
5
What is the value of 6 + (129 - (152 + -115))?
98
Evaluate (58 - 51) + (4 + 0 - 17) - 7.
-13
What is the value of 4768 - 4814 - (-63 - 1)?
18
What is (-42 - (0 - -6)) + 50 + -57 + (-1 - -3)?
-53
What is the value of (1 - (1 + 4)) + 17 - (743 + -706)?
-24
What is (-10 + -1 - -18) + (-4 - 16)?
-13
(-25 + -1 - 0) + (-14922 - -14893)
-55
Evaluate 60 + (21 - 185) - -44.
-60
Calculate -215 - (84 + -156) - -112.
-31
What is -8 - 1 - (-58 - (55 - -17))?
121
Calculate 16 + -5 + 14 + -18 - (2 - (5 - -1)).
11
What is the value of (12 + -31 + 5 - (-8 + -1) - 85) + 0?
-90
(-71